. Let k(t) = t**3 + 4*t**2 + 2*t + 1. Give k(o).
-7
Suppose 0 = -153*o + 157*o - 28. Let i(x) = x**2 - 8*x + 5. Give i(o).
-2
Let f(i) be the second derivative of i**5/60 + 5*i**4/24 + 8*i**3/3 + 8*i. Let s(k) be the second derivative of f(k). Give s(-5).
-5
Let t(d) = -d**3 - 6*d**2 - 3*d - 3. Let v be (-2 + -10)/(-4 - -6). Give t(v).
15
Let w(j) = -j**2 + 21*j + 28. Let c be w(22). Let q(a) = a - 13. Give q(c).
-7
Let a(l) = l**3 - 13*l**2 - l + 13. Let v = -227 + 240. Determine a(v).
0
Let b(u) = 3 + 21*u**2 - 2 - 20*u**2 + 2*u. Suppose -5*p + 3*p - 6 = 0. Calculate b(p).
4
Let l(w) = -w**3 + 6*w**2 - 4. Let o be (-2)/4*(-23 + -4 + 15). Calculate l(o).
-4
Suppose 2*m + 4 = 0, -14 = -5*x - m + 79. Let f = -16 + x. Let i(w) = 8*w + w**f - 4*w - 4*w. Give i(-2).
-8
Let v(h) = -2*h**2 - h. Suppose 48*l - 121 = 23. Let n(t) = t**2 + 4*t - 6. Let d be n(-6). Let b be l/(((-27)/d)/3). Calculate v(b).
-6
Let z(j) = j + 10. Let r(n) = 49*n + 132. Let q be r(-3). Calculate z(q).
-5
Suppose -5*o - 5*u = -3*u - 41, 3*o = 3*u + 33. Let d = 8 - 4. Let i = o - d. Let a(j) = j**3 - 6*j**2 + 7*j - 1. Determine a(i).
9
Let l(z) = -1 + 0*z - z - 5 + 4*z. Let u(h) = -h**2 + 6*h + 95. Let x be u(-7). Calculate l(x).
6
Let m(h) = -11*h + 10*h + 14 - 2 + 6*h. Determine m(-8).
-28
Let w = -19 + 28. Let m(s) = -w + 6*s + 4 + 0*s**2 - 3*s**2 + 4*s**2. Let y be 15/25 + 33/(-5). Calculate m(y).
-5
Let r(j) be the second derivative of -j**8/6720 + j**7/630 + j**6/144 - j**5/60 + 17*j**4/12 - 18*j. Let z(h) be the third derivative of r(h). Give z(5).
-2
Let m(b) = -b**2 - 8*b + 1. Let n = 42 - 67. Let a(u) = -u - 31. Let g be a(n). Give m(g).
13
Let r(m) be the third derivative of -m**5/30 + m**4/8 - m**3/3 - m**2. Suppose 2*l + i - 80 = 0, l = -6*i + 8*i + 50. Let y = 44 - l. Determine r(y).
-4
Let s(f) be the second derivative of f**3/6 - 2*f. Let w = -1100 + 1104. Calculate s(w).
4
Suppose 0 = 5*p - 0 - 15. Suppose -8 = -q - 4*l - 1, 0 = p*l - 3. Let r(n) = n**3 - 17*n - 1 - 2*n**3 + 5*n**2 + 8*n + 5*n. Determine r(q).
5
Let p = -94 - -99. Let s(u) = 5*u - 4. What is s(p)?
21
Let b(n) be the third derivative of 2*n**2 - 1/60*n**5 + 0 + 0*n**4 + 1/6*n**3 + 0*n. Let s be (-3 + 3)/(5 + -3). Calculate b(s).
1
Let a(j) be the second derivative of -j**4/4 - 31*j**3/6 - 7*j**2/2 - 394*j + 1. Give a(-10).
3
Let u(j) be the third derivative of 0 - 1/60*j**5 + 1/2*j**3 + 0*j + 15*j**2 + 5/24*j**4. Suppose 5*r + 3*c = 24, -r - 8*c = -4*c + 2. Calculate u(r).
-3
Let b(d) = d**2 + 6 + 12 - 2*d**2 - 2*d - 16. Determine b(3).
-13
Let q(k) = -k**3 - 11*k**2 + 12*k. Let s(a) = -4*a**2 - 3*a - 2. Let o be s(-2). Calculate q(o).
0
Let a(k) be the third derivative of -k**4/24 + k**3/3 + k**2 - 21. Calculate a(-6).
8
Let j(y) = -3*y**3 - y**2 - y + 1. Let i be j(1). Let a(p) = -4*p**3 + p**2 + 7*p - 1. Let o(u) = u**3 - u**2 - u - 1. Let c(b) = a(b) + 3*o(b). Give c(i).
12
Let r(n) = -n**2. Let z be r(-1). Let p be (-6)/(-3) + 0 - z. Suppose p*t = 5*t. Let a(b) = -b - 2. Calculate a(t).
-2
Let z(a) = 9 - 2*a + 10 + 12 - 28 + a**2. Let p = -13 + 16. Calculate z(p).
6
Let x(t) be the first derivative of -t**2/2 - 112. Calculate x(-1).
1
Let x(d) be the first derivative of -10*d**3/3 - d**2 - d - 1. Suppose 20 = -5*i, -4*i + 50 = 2*u + 68. Calculate x(u).
-9
Let p(r) = 14*r + 1. Let v(j) = -15*j - 1. Let z(s) = 3*p(s) + 2*v(s). Suppose -q + 4*w = 2, -5 = 2*q + 5*w - 1. What is z(q)?
-23
Let d(y) = -2*y + 8. Let j = 54 - 52. Suppose -j*a + 11*a - 63 = 0. Give d(a).
-6
Let t(c) = 2*c - 6. Suppose -5*j - 20 = 10. Let a be (-27)/j*4/6. Suppose 5 = g, -a*g + 6*g + 1 = 4*s. Give t(s).
2
Let n(t) = -9 - 21*t - 7 + 29*t - t**2 + 6. What is n(6)?
2
Let a(p) = -14*p. Let g = -950 - -949. Calculate a(g).
14
Let i be 1*(2 - -16)/3. Let l(n) = -n**2 + 4*n - 6. What is l(i)?
-18
Let n(b) be the second derivative of -b**3/6 + 13*b**2/2 + 27*b. Give n(0).
13
Let t(b) = b**2 - 15*b + 41. Let q be t(11). Let i(a) = -2*a + 4. Give i(q).
10
Let q = -28 + 28. Suppose q = 3*o - p - 2*p - 15, -3*o = -4*p - 20. Let f(d) = -9*d**2 + d + o + 2 - 3 + d. Calculate f(1).
-8
Let g(i) = -6*i + 7*i + 9 - 4. Suppose -40*h + 81*h + 287 = 0. Calculate g(h).
-2
Let z(q) = -q**2 - 7*q - 2. Suppose -j = 3*j + x - 4, 2*x - 8 = j. Suppose 0 = m - i + 2, j = -m - m - 2*i - 20. Give z(m).
4
Let j(m) be the third derivative of -m**6/120 - 3*m**5/20 - 5*m**4/24 + 4*m**3/3 + 2*m**2 + 107*m. Determine j(-8).
-16
Let s = 29 - -5. Let y = -38 + s. Let d(v) = v**3 + 5*v**2 + 3*v - 5. Calculate d(y).
-1
Let d(w) = 2*w**3 - w**3 - 3*w - 6*w**3 + 3*w**3 + 3*w**3 - 6*w**2. What is d(5)?
-40
Let p = 406 - 408. Let a(s) = 2*s**2 - 4*s + 1. Calculate a(p).
17
Let j(u) = 2*u + 4. Let w be -3 - 1/(4/(-124)). Suppose -5*s - 8 = -w. Let y(c) = -3*c - 5. Let x(a) = s*j(a) + 3*y(a). What is x(2)?
-1
Let d(w) = -w**3 - 10*w**2 + 9*w - 21. Let i be d(-11). Let h(k) = 3 + 6 - k**2 + k - 1 - 9. Determine h(i).
-1
Suppose -8 = -j - 3*j, 0 = -2*r - 5*j + 20. Let y(w) = -w**2 + 2 + 2 - 6 + 6*w + 5 - 7. Give y(r).
1
Suppose -v - 248 = 7*v. Let x = v - -30. Let d(c) = -12*c. What is d(x)?
12
Let i(q) = -q**3 + 5*q**2 - 3*q + 4. Suppose n + 2*n - y = -58, 12 = 3*y. Let v be (-274)/n + 2/(-9). Let k = v - 11. What is i(k)?
8
Let q(l) = l**3 - 10*l**2 + 5*l + 10. Let a = -466 + 475. Determine q(a).
-26
Let k(r) = 2*r. Let b = -36 + 33. Let c be b + 1 - 6/6. Calculate k(c).
-6
Let o be ((-2)/4)/((-4)/(-16)). Let f be 348/22 + o/(-11). Suppose 4*h + f = -3*d, h + 8 = 5*d - h. Let q(m) = m**3 - 6. Give q(d).
-6
Let o(j) = j**3 - 3*j**2 - 4*j - 5. Suppose -4*b = -3*b - 12. Suppose -b = -0*w - 3*w. What is o(w)?
-5
Let n be ((2/(-1))/2)/(35/245). Let o(v) = -10 + 7*v - v + v**2 + 0*v. Determine o(n).
-3
Let n(s) = 13*s**2 - 7*s - 1. Let d(z) = 29*z**2 - 14*z - 1. Let i(w) = -4*d(w) + 9*n(w). Determine i(6).
-11
Let u(s) be the third derivative of 17*s**4/24 - 9*s**3/2 - 910*s**2. Determine u(2).
7
Let i(v) = v**3 + 8*v**2 + 10*v + 16. Suppose 2*p + 4*n - 2 = -0, 2 = -2*p - 3*n. Let f be i(p). Let x(j) = j + 6. Calculate x(f).
1
Let o(k) = 26*k - 1. Let m(w) = 2*w**3 - 17*w**2 - 10*w + 7. Let t(h) = -h**3 + 8*h**2 + 5*h - 3. Let p(q) = -4*m(q) - 9*t(q). Let b be p(5). Calculate o(b).
-27
Suppose -2*b = 3*a + a - 22, -2*b + 19 = 3*a. Let z be (-1)/((-2)/12*a). Let l(f) = -8 - f + 9 - f**2 + 5*f**z - f. Determine l(1).
3
Let j(f) = -22 + 8*f + 22 - 8*f + 2*f + 49. Calculate j(-26).
-3
Let j(b) = -b**2 + 9*b - 9. Let q(w) = -2*w - 26. Let p be q(-13). Suppose 5*c - 22 - 8 = p. Determine j(c).
9
Let y be 3/((-6)/(-4)) + 2. Let o(j) be the second derivative of 5/12*j**4 - 2/3*j**3 + 0 + 10*j - 1/20*j**5 + 1/2*j**2. Give o(y).
1
Let d(p) = p + 23. Suppose -4*c + 5*q = -19, 2*q + 177 = -c + 185. Calculate d(c).
29
Let z be (7 + 1)*(-27)/(-18). Let f(y) = y - 7. Calculate f(z).
5
Let i(j) = j**2 - j. Let t(f) = 9*f**2 + 2. Let z(a) = i(a) - t(a). Determine z(2).
-36
Let r(i) = -20*i**2 - 38*i - 9. Suppose 0 = -u - 3*u + 8. Let h(v) = 1 + 2 - 13*v - 8*v**u - 6 + v**2. Let c(x) = 17*h(x) - 6*r(x). Give c(-5).
-7
Suppose -3*s + 4*s - 286 = 0. Let b(z) = -s*z + 286*z - 4 + z**2. Calculate b(3).
5
Let v(h) = 8 - 5*h**2 - 12*h - 3*h**2 + 9*h**2. Determine v(12).
8
Let n(s) be the third derivative of s**4/8 - s**3/2 - 4*s**2 + s. Suppose 10 = 3*x + 4. Suppose 0*a - x*a + 36 = 5*m, 3*m - 24 = -2*a. Give n(m).
15
Let b(m) = -m**3 + 8*m**2 + 4*m - 18. Let x be b(8). Let u be 32/x - 20/70. Let z(g) = 4*g**2 + 1. What is z(u)?
17
Let o(l) = -l**2 - 7*l - 4. Let f = -454 + 445. Determine o(f).
-22
Suppose 2*d - 51 = -d. Let u(t) = 10*t + 6*t - d*t - 1. Suppose -5*c - 5*q = -15, 25 = 3*c - 5*q + 8. What is u(c)?
-5
Let l(r) = 6*r**2 + 24*r - 10. Let u(c) = 7*c**2 + 27*c - 11. Let b(p) = -6*l(p) + 5*u(p). What is b(-10)?
-5
Let s(i) = 4*i - i - 4*i. Suppose -46*t + 6 = -52*t. Give s(t).
1
Let y(t) = -7*t + 8. Let p(f) = 27*f - 24. Let d(q) = -2*p(q) - 7*y(q). Calculate d(-8).
32
Let z(u) = u**2 - 2. Let w(k) = 2*k**2 - k - 1. Let i(x) = -6*w(x) + 5*z(x). Let y(r) = -3*r**2 + 3*r - 2. Let t(p) = 4*i(p) - 9*y(p). Give t(-3).
2
Let d(p) = 3*p + 37. Let l be d(-11). Let u(o) be the first derivative of o**3/3 - 5*o**2/2 - 2. Determine u(l).
-4
Suppose -581*j = -578*j. Let l(m) = 2*m + 9. Det